greatest common divisor of 416 and 290368.
416
Calculate the greatest common divisor of 3030065 and 145.
145
What is the greatest common divisor of 256 and 1928?
8
Calculate the greatest common divisor of 4356 and 2412.
36
Calculate the greatest common divisor of 6781 and 8.
1
Calculate the highest common divisor of 212 and 234578.
106
What is the highest common divisor of 1305 and 63?
9
What is the highest common divisor of 343616 and 1239?
413
Calculate the greatest common factor of 35 and 177205.
35
Calculate the highest common factor of 43485 and 533.
13
What is the greatest common divisor of 12144 and 128?
16
Calculate the greatest common divisor of 79 and 402821.
79
What is the highest common divisor of 112902 and 16996?
1214
What is the greatest common factor of 161427 and 189?
21
Calculate the greatest common divisor of 8748 and 1323.
27
What is the highest common factor of 14 and 21788?
2
What is the highest common divisor of 1006947 and 3816?
477
What is the highest common factor of 306 and 822?
6
Calculate the greatest common divisor of 115 and 1204004.
23
What is the greatest common factor of 39 and 164320?
13
Calculate the highest common factor of 6343580 and 20.
20
What is the greatest common factor of 2 and 2798?
2
Calculate the greatest common divisor of 4280 and 728135.
535
What is the greatest common divisor of 184 and 37858?
46
What is the greatest common divisor of 40 and 204888?
8
What is the highest common factor of 109488 and 48?
48
What is the highest common factor of 5131488 and 96?
96
Calculate the highest common divisor of 93485 and 105.
35
Calculate the greatest common factor of 207 and 665827.
23
Calculate the greatest common factor of 58667 and 34.
17
What is the highest common factor of 1294421 and 4709?
277
What is the highest common factor of 2172783 and 57?
57
Calculate the highest common factor of 387 and 8213.
43
Calculate the highest common factor of 2019085 and 15.
5
What is the greatest common divisor of 256 and 716?
4
What is the highest common divisor of 15 and 980895?
15
Calculate the greatest common divisor of 16115 and 22.
11
Calculate the highest common divisor of 2535 and 7995.
195
What is the highest common factor of 30 and 41177?
1
Calculate the greatest common factor of 196 and 392196.
196
Calculate the highest common factor of 14058 and 1386.
198
Calculate the highest common factor of 30 and 541770.
30
What is the greatest common divisor of 6700 and 152827?
67
What is the greatest common factor of 912236 and 104?
52
What is the highest common divisor of 812 and 342200?
116
Calculate the greatest common factor of 4617 and 8208.
513
Calculate the greatest common factor of 9 and 49297.
1
Calculate the highest common divisor of 5924 and 188.
4
What is the highest common divisor of 15302 and 35?
7
Calculate the highest common factor of 191870 and 28.
14
Calculate the greatest common divisor of 30 and 97980.
30
Calculate the greatest common divisor of 98 and 190169.
49
What is the highest common factor of 9424 and 309814?
1178
Calculate the highest common divisor of 2860 and 1620.
20
What is the greatest common divisor of 588 and 169638?
294
Calculate the greatest common factor of 2420 and 43280.
20
What is the highest common divisor of 327 and 3597?
327
What is the greatest common factor of 9152 and 15268?
44
What is the greatest common divisor of 196524 and 144?
36
Calculate the highest common factor of 99675 and 675.
225
Calculate the greatest common factor of 4767 and 147.
21
What is the highest common factor of 306 and 2056?
2
What is the greatest common divisor of 36 and 70686?
18
What is the greatest common factor of 216 and 22590?
18
What is the greatest common factor of 63979 and 274?
137
What is the greatest common factor of 234 and 544518?
234
Calculate the greatest common divisor of 34174 and 14.
14
Calculate the highest common divisor of 2968 and 7685.
53
What is the highest common factor of 306 and 2198151?
153
What is the highest common divisor of 71071 and 143?
143
Calculate the greatest common divisor of 165510 and 810.
270
What is the greatest common divisor of 176 and 158488?
88
Calculate the greatest common factor of 2514 and 7123.
419
What is the greatest common divisor of 130738 and 262?
262
Calculate the greatest common factor of 34922 and 19.
19
Calculate the greatest common divisor of 1742688 and 108.
108
What is the highest common factor of 96 and 3488?
32
What is the greatest common divisor of 9544 and 4?
4
Calculate the highest common divisor of 96322 and 34.
34
Calculate the highest common factor of 22499 and 149.
149
What is the greatest common divisor of 21 and 2633526?
21
What is the greatest common factor of 273741 and 117?
39
Calculate the highest common divisor of 4 and 10768.
4
Calculate the greatest common divisor of 117656 and 672.
56
What is the highest common factor of 6479 and 8525?
341
What is the greatest common divisor of 22 and 7645?
11
What is the greatest common divisor of 6407156 and 184?
92
Calculate the greatest common divisor of 130 and 171730.
130
What is the highest common divisor of 24370 and 5200?
10
What is the highest common divisor of 640 and 18370?
10
Calculate the greatest common divisor of 190472 and 8.
8
Calculate the greatest common divisor of 1391884 and 116.
116
Calculate the highest common divisor of 328 and 86141.
41
Calculate the greatest common factor of 2124 and 84852.
36
Calculate the greatest common factor of 700436 and 88.
44
Calculate the greatest common factor of 9440 and 8555.
295
What is the highest common divisor of 337625 and 15725?
925
Calculate the highest common divisor of 48144 and 32232.
408
Calculate the greatest common factor of 5088 and 2592.
96
What is the greatest common factor of 9964 and 94?
94
Calculate the greatest common divisor of 97495 and 85.
85
What is the highest common factor of 500 and 1210?
10
Calculate the greatest common factor of 856 and 176764.
428
What is the greatest common factor of 19251 and 27?
27
What is the highest common factor of 100 and 1004?
4
What is the highest common divisor of 1730 and 750647?
173
Calculate the highest common divisor of 4494 and 840.
42
Calculate the greatest common factor of 28358 and 3454.
22
What is the greatest common divisor of 612 and 1078803?
153
Calculate the highest common divisor of 194 and 3880.
194
What is the greatest common divisor of 7614 and 8366?
94
What is the greatest common divisor of 807732 and 702?
54
What is the highest common divisor of 12996 and 1881?
171
What is the highest common factor of 7968 and 408?
24
Calculate the highest common factor of 6077615 and 365.
365
What is the highest common factor of 29011 and 469?
67
What is the greatest common factor of 51 and 3926796?
51
Calculate the greatest common divisor of 108 and 12504.
12
Calculate the highest common divisor of 6 and 2852.
2
What is the highest common factor of 1600 and 12400?
400
Calculate the greatest common factor of 5291 and 1573.
143
Calculate the highest common factor of 1263 and 1909235.
421
What is the highest common divisor of 323 and 544274?
19
What is the highest common factor of 39 and 99580?
13
What is the highest common factor of 8763471 and 3?
3
Calculate the highest common divisor of 32901 and 33.
33
What is the highest common factor of 250761 and 21?
21
Calculate the greatest common divisor of 564395 and 10968.
457
What is the greatest common factor of 927 and 675?
9
Calculate the highest common divisor of 4451465 and 1165.
1165
Calculate the highest common divisor of 25 and 60025.
25
What is the highest common factor of 960 and 121840?
80
What is the greatest common divisor of 438 and 943014?
438
Calculate the greatest common factor of 42482 and 44.
22
Calculate the greatest common factor of 140771 and 6479.
589
Calculate the greatest common factor of 96430 and 210.
10
What is the greatest common divisor of 153517 and 65?
13
Calculate the highest common divisor of 50796 and 136.
68
Calculate the greatest common divisor of 810 and 1197585.
405
Calculate the greatest common factor of 2437 and 1.
1
What is the greatest common factor of 432 and 1831248?
432
What is the greatest common divisor of 770 and 476?
14
What is the greatest common factor of 256 and 69